{"id":1743,"date":"2022-03-11T17:52:55","date_gmt":"2022-03-11T16:52:55","guid":{"rendered":"https:\/\/ensemble-phoenix.ch\/v2\/downloads\/jerome-noetinger-les-voix-del-invisible\/"},"modified":"2022-10-08T18:55:20","modified_gmt":"2022-10-08T16:55:20","slug":"jerome-noetinger-les-voix-del-invisible","status":"publish","type":"downloads","link":"https:\/\/ensemble-phoenix.ch\/en\/downloads\/jerome-noetinger-les-voix-del-invisible\/","title":{"rendered":"J\u00e9r\u00f4me Noetinger: &#8220;Les voix del&#8217; invisible&#8221;"},"content":{"rendered":"<p>J\u00e9r\u00f4me Noetinger: &#8220;Les voix de l&#8217;invisible&#8221;<\/p>\n","protected":false},"featured_media":451,"template":"","class_list":["post-1743","downloads","type-downloads","status-publish","has-post-thumbnail","hentry","media-type-videos"],"acf":[],"_links":{"self":[{"href":"https:\/\/ensemble-phoenix.ch\/en\/wp-json\/wp\/v2\/downloads\/1743","targetHints":{"allow":["GET"]}}],"collection":[{"href":"https:\/\/ensemble-phoenix.ch\/en\/wp-json\/wp\/v2\/downloads"}],"about":[{"href":"https:\/\/ensemble-phoenix.ch\/en\/wp-json\/wp\/v2\/types\/downloads"}],"wp:featuredmedia":[{"embeddable":true,"href":"https:\/\/ensemble-phoenix.ch\/en\/wp-json\/wp\/v2\/media\/451"}],"wp:attachment":[{"href":"https:\/\/ensemble-phoenix.ch\/en\/wp-json\/wp\/v2\/media?parent=1743"}],"curies":[{"name":"wp","href":"https:\/\/api.w.org\/{rel}","templated":true}]}}

Jérôme Noetinger: &#8220;Les voix del&#8217; invisible&#8221;

<p>Jérôme Noetinger: &#8220;Les voix de l&#8217;invisible&#8221;</p>
